ose z + i*r - 32 = f, 2 + 5 = z - r. Calculate the greatest common factor of 18 and z.
6
Let p(s) = s**3 - 11*s**2 - 11*s - 1. Let d be p(12). Suppose -4*j + d = -3*j. Let f = j - -69. Calculate the highest common factor of 8 and f.
8
Let o(x) = x - 5. Suppose 8*k = 3*k - 20. Let h = 2 - k. Let j be o(h). Calculate the greatest common divisor of 5 and j.
1
Let d(j) = 3*j**2 - j - 2. Let z be d(3). Let v be 393/12 - 2/(-8). Calculate the greatest common divisor of z and v.
11
Let j(y) = y**3 - 8*y**2 - 4*y + 3. Let f be j(9). Suppose 0*s + s = f. Let c = -41 - -57. What is the highest common divisor of c and s?
16
Let n = 0 + 2. Suppose o + n*o - 9 = 0. Suppose 4*j = -5*a + 30, -o*j + 6 = a - 11. Calculate the greatest common factor of 20 and a.
2
Suppose 3*x - 41 = 4*u - 9, -2*x + 28 = -4*u. Suppose 0*j + 72 = x*z - 3*j, -4*z = 5*j - 40. What is the greatest common divisor of 3 and z?
3
Suppose -p = -2*x - 3 + 10, -5*p = -5*x + 10. What is the highest common factor of 55 and x?
5
Suppose -x + 3*x = 18. Suppose -1 = 2*q + x. Let d = -2 - q. What is the highest common divisor of d and 9?
3
Let t(o) = 19*o**3 + 4*o**2 + 3*o - 1. Let g(p) = p**3 + p**2 + p. Let q(c) = 4*g(c) - t(c). Let b be q(-1). What is the greatest common factor of 3 and b?
3
Let o(i) = i**2 + i. Let k be o(14). Calculate the greatest common divisor of 21 and k.
21
Let i(b) = -7*b. Let u(h) = 6*h. Let j(w) = -5*i(w) - 6*u(w). Let p be j(-2). Suppose 0*c + 16 = p*c. Calculate the highest common divisor of c and 8.
8
Let y = 271 - 175. What is the highest common factor of y and 12?
12
Suppose -3*s + 327 + 156 = 2*x, x - 3*s - 219 = 0. Let u = -122 + x. What is the greatest common factor of 14 and u?
14
Let g = 5 - 6. Let k be g - (-12 - 2) - -1. Let y(f) = 29*f**2 + 2*f + 1. Let x be y(-1). What is the greatest common divisor of k and x?
14
Suppose 11 = y - 1. Let i be 3 - (-1 + 2 - 0). Suppose 0 = 2*h - i*s - 178, 2*s + 332 = 5*h - 98. Calculate the highest common factor of y and h.
12
Let t(b) = -b**3 - 7*b**2 - 2*b + 2. Let h be t(-7). Calculate the greatest common factor of h and 80.
16
Let v = -113 + 124. Let n be 1/(-3) + (-300)/(-9). What is the greatest common factor of n and v?
11
Let x = 24 - 1. Let f = -3 + x. What is the highest common divisor of 10 and f?
10
Suppose -c = -l - 6, -c + 10 = 3*l - 12. Let a be 2*(-1 - -4)/3. Suppose h - 3*h + a = 0. Calculate the highest common divisor of c and h.
1
Let s(h) = -h - 2. Let v be s(0). Let t be (-9)/(1 - v) + 71. Let k(i) = i**2 + 2*i - 7. Let o be k(-6). Calculate the greatest common factor of t and o.
17
Suppose -1 = 4*j - 13. Suppose -2*i = b - 0 - 2, 5*b + 35 = 5*i. What is the greatest common factor of i and j?
3
Let x(g) = 8*g + 3. Let k be x(-2). Let p be (k - 8)*(-30)/7. What is the highest common divisor of p and 15?
15
Let d be 0 + 2 - (-235)/5. Calculate the greatest common divisor of 294 and d.
49
Let f = -8 + 24. Let u be 63/4 + 4/f. Calculate the greatest common factor of 48 and u.
16
Suppose 0*c - 48 = -2*c. Calculate the highest common divisor of 8 and c.
8
Let u be 2/7 + (-99)/(-21). Suppose -u*g + 190 = -0*w + 5*w, 5*w = -g + 30. Let s = g + -24. Calculate the highest common factor of 176 and s.
16
Let h be 1*(3/(-2) - (-25)/10). What is the highest common factor of h and 1?
1
Suppose 0 = -2*p - 0*p + 28. Suppose 2*q - 12 = -0*q. Let g be (-4)/6 + 214/q. What is the greatest common factor of p and g?
7
Let t be 24/10 + 27/45. Let k be (0 - 1)/(3/(-99)). What is the highest common factor of k and t?
3
Suppose 0 = 2*k + 3*k + 15. Let i be k/12 - 1092/(-16). What is the greatest common divisor of 17 and i?
17
Suppose 5*s = 3*s + 4. What is the highest common divisor of s and 5?
1
Suppose 0 = 8*k - 13 - 43. Suppose 0 = 2*i + i - 231. What is the greatest common divisor of i and k?
7
Let y = -93 - -107. What is the highest common factor of 14 and y?
14
Let w = 149 + -77. What is the highest common divisor of 9 and w?
9
Let q(s) = s**2 + 9*s - 6. Let a be q(-7). Let i be (-81)/(-6)*a/(-3). Let x = -16 + 26. Calculate the highest common factor of x and i.
10
Suppose -3*f - 3*m - 10 = -46, 0 = -3*f + 4*m + 57. Calculate the greatest common factor of f and 30.
15
Let x = -32 - -73. Suppose 3*p - 7 = x. What is the greatest common factor of 128 and p?
16
Suppose -2 = 2*o - o. Let p be (-1 - o/(-6))*-3. Suppose -6*c + 48 = -3*c. Calculate the greatest common divisor of p and c.
4
Let t(c) = -12*c - 6. Let l be t(-3). Suppose -5*w = 4*q - 70, -3*w = -2*q - 0*q + 46. What is the greatest common divisor of q and l?
10
Let u = -57 - -129. Let s(g) = -3*g**2 + g. Let w be s(-1). Let m be (-6)/w*(-32)/(-6). What is the greatest common divisor of m and u?
8
Suppose 3*w + 2*w = 2*y + 68, 0 = -w - 3*y. Calculate the highest common divisor of w and 36.
12
Let p(d) = -d**2 - 5*d + 10. Let w be p(-6). What is the highest common divisor of w and 16?
4
Let t = -22 + 32. Let n be (t/(-4) - -2)*-24. What is the highest common divisor of 72 and n?
12
Let n be 52 + -12 - (0 + -2). What is the highest common factor of 28 and n?
14
Let g be 1 + 2*(-17 + 0). Let b be 2/11 + (-192)/g. What is the highest common factor of b and 24?
6
Let v(m) = m**2 - 2*m - 5. Let w be v(5). What is the greatest common divisor of w and 50?
10
Suppose 6*z + 22 = 8*z. What is the greatest common factor of z and 33?
11
Suppose -7*d - 4 = -3*d. Let t be d*(-33 - -2) + -1. Suppose 5*s + 5*w = 45, 0 = -4*s + 2*w - 4*w + 30. What is the highest common divisor of t and s?
6
Suppose 72 = 6*a - 3*a. What is the greatest common divisor of a and 36?
12
Suppose 2*u + 5*g = 50, 4*u + 2*g = -g + 72. Calculate the highest common factor of u and 6.
3
Let f be (12/(-10))/((-3)/15). Suppose -3 = -n + 45. What is the highest common factor of f and n?
6
Let k = -30 + 43. Suppose s - 3*h + 0 + 4 = 0, 2*s = 4*h. Suppose 5*m - s*g = -4*g + 264, -5*g - 5 = 0. Calculate the greatest common factor of k and m.
13
Suppose 12*k = 17*k - 55. Suppose -216 = -5*p - m, 3*p + m = 158 - 30. What is the greatest common factor of p and k?
11
Suppose 119 + 7 = 9*z. Calculate the greatest common factor of 140 and z.
14
Let j = -1 + 12. Suppose -2*b + 3*b = j. Suppose 4*v - 12*v + 352 = 0. Calculate the highest common factor of v and b.
11
Let m(h) = -2 - 1 + 0 + 8*h. Let o be m(3). What is the greatest common factor of o and 7?
7
Let k = -13 + 139. Calculate the greatest common factor of k and 42.
42
Let r = 6 + -2. Suppose 28 = r*g - 4*c, 3*g - 4*g - 5*c + 25 = 0. What is the greatest common divisor of 50 and g?
10
Suppose -1 - 15 = -4*w. Suppose g + 2 = w. What is the highest common factor of g and 10?
2
Let j(n) = -n**3 + 11*n**2 - 22*n + 6. Let a be j(6). What is the greatest common divisor of 81 and a?
27
Suppose 7 = b + 4*m + 1, 5*b = -4*m + 78. Suppose 3*g + 14 = 11. Let v be g + -1 + (95 - 3). Calculate the greatest common divisor of v and b.
18
Let h = 4 + -2. Suppose 4*v + 0*v = -2*l, 0 = 4*v + 3*l + 4. What is the greatest common factor of v and h?
2
Suppose -5*g + 3*g + 18 = 5*j, -4*g = -4*j - 36. Let q(z) = -z**3 + 9*z**2 + 2*z - 8. Let o be q(g). Calculate the greatest common divisor of 5 and o.
5
Let s = -1 - -3. Suppose -87 = -3*n + 2*o - 0*o, 3*n + 5*o = 66. Let v = n + -11. Calculate the highest common factor of s and v.
2
Let q = -35 - -65. Let w = 80 + q. What is the highest common divisor of w and 10?
10
Suppose -3*c - 5*s = -3*s - 37, -5*c + 70 = 5*s. Let i = -13 - -9. Let w = i - -5. Calculate the greatest common divisor of w and c.
1
Suppose 5*c + 3 = 18. Let x = 8 + -5. Calculate the highest common divisor of x and c.
3
Let a be -1*30*(-8)/24. Calculate the greatest common factor of a and 10.
10
Suppose z + 4 = 2*z. What is the greatest common divisor of z and 44?
4
Let p(v) = 45*v**2 - 2*v + 1. Let r(y) = y**3 + 4*y**2 + y + 5. Let w be r(-4). Let m be p(w). Calculate the highest common divisor of m and 11.
11
Let j = 5 - 0. Suppose 0*x - 211 = -j*l + 3*x, -l + 56 = 4*x. Suppose -4*v = 3*k - 60 + 19, -5*v + 2*k = -57. Calculate the greatest common divisor of l and v.
11
Suppose 155 = -13*o + 441. What is the greatest common divisor of o and 22?
22
Let y(n) = -n + 3. Suppose -4*p = -0*z - 3*z + 16, z + 2*p = -8. Let f be y(z). Calculate the highest common factor o